*m - 5058, a - 4*m - 3014 = -2*a. Suppose 0 = -3*t + 4*j + 54 + a, -1762 = -5*t + j. What is the highest common divisor of t and 32?
32
Let q(a) = -a**3 - 34*a**2 - 31*a + 104. Let n be q(-33). Calculate the highest common factor of n and 152.
38
Let j = -723 + 765. What is the highest common divisor of 357 and j?
21
Let j = 1573 - 1515. Suppose 8*n - 3*n = 725. What is the highest common divisor of j and n?
29
Let j = 4 + -2. Let z = 53 + -15. Let r = -36 + z. What is the greatest common factor of r and j?
2
Let k(r) = 2*r**2 + 3*r - 4. Let u be k(-3). What is the highest common factor of 160 and u?
5
Suppose -2 - 13 = -5*u, 2*y = 3*u + 281. What is the greatest common divisor of 58 and y?
29
Let u(r) = 216*r**2 - 3. Let q be u(-2). Let g = -509 + q. What is the highest common factor of g and 32?
32
Let u be 266/6 - 3/9. Suppose 2*p = 129 - 107. What is the greatest common factor of p and u?
11
Let x(p) = -10*p**2 + 201*p + 9. Let l be x(20). Calculate the greatest common divisor of 377 and l.
29
Let q(h) = 2*h**2 + 29*h + 3. Let n be q(-15). What is the greatest common factor of n and 6?
6
Suppose -3*t = 0, -4*k = -t - 14 + 62. Let v be 9 - 4/k*-3. Suppose -3*x - v = 4, 4*y - 2*x = 584. What is the greatest common divisor of y and 18?
18
Suppose 2*i + 103 = -33. Let p = i + 48. Let q = p + 29. What is the highest common divisor of 1 and q?
1
Suppose 15*w + 1254 = 34*w. What is the greatest common factor of 99 and w?
33
Let u be (3 - 2)/(1/2). Suppose 4*o = -u*n + 74, 5*o + 2*n + 2*n = 91. Suppose 3*g - 17 = o. Calculate the highest common divisor of g and 30.
6
Let s(a) = a**2 + 25*a + 102. Let o be s(-4). What is the greatest common divisor of o and 312?
6
Suppose -33*q - 12 = -35*q. Let j(b) = 48*b - 10. Let s be j(-8). Let c be 3/q + s/(-4). Calculate the highest common factor of c and 11.
11
Let f(a) be the third derivative of -a**4/4 - 4*a**3/3 + 13*a**2. Let g be f(-6). What is the highest common factor of g and 70?
14
Let i = -2169 - -2645. Calculate the highest common factor of i and 34.
34
Let r be 11 + -2*2/(-4). Let n be -2 + -15*2/9*51. Let d be (-3)/(r/n) - 1. Calculate the highest common divisor of 28 and d.
14
Let m(q) = -q**2 - 18*q - 55. Let r be m(-5). Calculate the greatest common divisor of 30 and r.
10
Suppose -a - 5*s = -50, 5*a = 4*s + 35 + 157. Let i be 81*(3 + a/(-15)). Calculate the greatest common divisor of 189 and i.
27
Let t(k) be the first derivative of 5*k**3/3 + k**2/2 - 22*k - 9. Let q be t(-6). What is the highest common factor of 19 and q?
19
Suppose -9*y + 13*y - 144 = 0. Suppose 2*r = 4 + 4. Calculate the highest common factor of r and y.
4
Let t(q) = 3*q**2 + q. Let b be t(-1). Suppose -2*u - 8 = 0, -3*v + 6 = -4*v - b*u. Suppose -12 = -v*a + a. Calculate the greatest common factor of a and 84.
12
Let j = -21 - -20. Let i be (-4)/((-9)/3 - j). Calculate the highest common divisor of i and 10.
2
Suppose -3*u + 320 = 50. Suppose 0 = 4*n + n - u. What is the highest common divisor of n and 90?
18
Let r(q) = -q**2 - 7*q - 1. Let k be r(-7). Let x be 65 - (k - (0 + -3)). Let u be (12/(-18))/(2/9) + 24. What is the greatest common factor of u and x?
21
Let q(s) = -s**3 + 14*s**2 + 18*s - 1. Let c be q(15). Calculate the greatest common divisor of c and 396.
44
Let x = 392 + -311. Calculate the greatest common factor of 27 and x.
27
Let w(u) = -3*u**2 + u + 8. Let m be w(0). Suppose -24 - m = -4*j. Calculate the highest common divisor of j and 8.
8
Suppose 2*i - 150 = 2*c, 6*c - 5*c - 85 = -i. What is the highest common factor of i and 16?
16
Suppose 15*p = 16*p + 18. Let c be 2703/27 - (-2)/p. Let r = -9 + 29. Calculate the highest common divisor of r and c.
20
Let h(k) = -k**3 - 14*k**2 + 10*k - 20. Let t be h(-15). Suppose 3*z + u = -0*z + 71, 120 = 5*z + 2*u. What is the greatest common factor of z and t?
11
Let m be -7 - -8 - (15 - 0). Let j be (-6)/2 + (3 - m). Let b be j/(4/4) - -3. What is the greatest common divisor of b and 17?
17
Let i = 38 + -4. Let k be (-2 + 8)/((-3)/(-2)). Suppose -k*l + 474 = -70. What is the highest common factor of i and l?
34
Let v be (-30)/(-1) + 35 + -35. Suppose -2*n + v = o, -2*n - 5*o + 18 + 28 = 0. What is the highest common divisor of n and 247?
13
Let k(n) = -2*n - 25. Let v be k(-14). Suppose -3*i - 66 = 6*o - 11*o, 18 = o - v*i. Calculate the highest common divisor of o and 60.
12
Let y = 480 + -474. Calculate the greatest common divisor of 192 and y.
6
Suppose 0 = 4*t - 2 - 2, -295 = -2*f + t. Suppose 4*r - 172 = f. What is the highest common factor of 32 and r?
16
Suppose -4*x - 15 + 33 = -2*y, -y = -5*x + 24. Calculate the greatest common factor of 8 and y.
1
Let k = -186 + 14. Let b = -60 - k. Calculate the highest common factor of 16 and b.
16
Suppose -667 + 6491 = 8*t. What is the highest common divisor of t and 112?
56
Let p(q) = q**3 + 11*q**2 - 26*q + 18. Let a be p(-13). Suppose 4*y = 6*y - 36. Calculate the greatest common divisor of a and y.
18
Suppose -22 + 3 = -s. Suppose -4*x = -s + 11. Suppose -d + 0*l = -x*l - 5, -3*l = 2*d - 3. What is the greatest common divisor of 9 and d?
3
Let n = 87 - -165. Calculate the highest common factor of n and 4.
4
Suppose 0*o - 3 = -3*u + 5*o, 5*u = -o + 33. Calculate the greatest common factor of u and 48.
6
Let m(v) = 16*v**2 - 44*v - 8. Let h be m(3). Suppose 12 = 5*z + 2. Suppose -z = -b, 5*a - h*b - 52 = a. What is the highest common divisor of 75 and a?
15
Let h(s) = s**3 + 18*s**2 + 15*s - 2. Let p be h(-17). Suppose 2*a = 4*z, 4*z - p = -0*a - 2*a. What is the highest common factor of a and 80?
8
Suppose -11*s = -15*s - 292. Let d = -102 - s. Let b be (3 - d)/2 + 4. Calculate the highest common factor of b and 8.
4
Suppose -2*k + 0*k + 10 = 0. Suppose 11*b - k*b - 108 = 0. What is the greatest common divisor of 42 and b?
6
Let z(i) = 36*i - 16 + 65 - 38*i. Let v be z(19). What is the highest common divisor of 44 and v?
11
Let a(u) = 5*u + 33. Let m be a(-11). Let o = 50 - m. What is the greatest common divisor of 180 and o?
36
Let d be (52/8 + -6)/(1/22). What is the highest common divisor of d and 9?
1
Let i(a) = 4*a**2 + 6*a - 2. Let m be i(-3). Suppose 6*v = 2*v + m. What is the greatest common factor of v and 44?
4
Let p be (6/1)/(2/5). Let m(o) = 4*o + 5. Let h(j) = 4*j + 5. Let z(l) = 5*h(l) - 4*m(l). Let a be z(0). Calculate the highest common divisor of a and p.
5
Let i be 5/(-2)*(-3 + 2)*14. Suppose -12*j - 11 = -i. Calculate the highest common factor of j and 2.
2
Suppose -5*b - 1123 = 3*v - 4037, -2*v - 1737 = -3*b. Calculate the highest common factor of b and 166.
83
Let p be (-2 - -8)*(0 - -1). Suppose -2*z + 1 = -11. Suppose -9*b + 162 = -z*b. Calculate the greatest common divisor of b and p.
6
Let d(p) = 72*p. Let w be d(1). Suppose 0 = -5*r - 5*n + 875, -r - 4*n = -4*r + 560. What is the greatest common factor of w and r?
36
Suppose -3*y = -0*y - 15, y = 2*k - 85. What is the highest common factor of 135 and k?
45
Suppose 3*l - 45 = -5*p, -2*p + 0*l = l - 19. Let k = 36 - p. Calculate the highest common divisor of 60 and k.
12
Suppose 0 = -2*n - 5*g + 137, -225 = -3*n - 0*g - g. What is the highest common divisor of 304 and n?
76
Suppose -5*p + 3*g = -g - 900, -2*p + 4*g + 360 = 0. What is the highest common divisor of p and 90?
90
Suppose -m - p + 27 = m, -m + 30 = -5*p. Suppose -40 = 22*o - 30*o. What is the highest common factor of m and o?
5
Suppose -6 = -j + 2. Calculate the highest common factor of j and 8.
8
Let y(f) = f + 8. Let a be y(-6). Suppose -2*w + 29 = w - 5*l, -a*w = -2*l - 14. Suppose 1 + 29 = w*s. Calculate the highest common divisor of s and 70.
10
Suppose -10*j + 9*j + 2 = 0. Suppose 0*u - u = -c + 14, -5*u = -j*c + 28. Calculate the highest common divisor of c and 14.
14
Let c be (6/(-3))/(((-12)/(-140))/(-3)). Calculate the highest common factor of 10 and c.
10
Let t be (-1 - -104) + (-54)/18. Calculate the highest common divisor of 4 and t.
4
Let i(x) = 14*x**2 + 128*x + 35. Let m be i(-14). What is the highest common factor of m and 42?
21
Let s(j) = -41*j**3 - 2*j**2 + j + 1. Suppose -4*c - 3*i - i = -8, 5*c - i = -14. Let g be s(c). Calculate the highest common factor of 29 and g.
29
Suppose 2*u - 21 = 55. Suppose 0 = 3*b + 2 - u. Calculate the greatest common d